 = -3 + n. What is the units digit of r?
4
Let t(x) = x + 8. Let o = 5 + 2. What is the tens digit of t(o)?
1
Let o = 49 - 26. What is the tens digit of o?
2
Suppose 2*g - 1 = -5. Let z = g + 9. What is the units digit of z?
7
Suppose 0 = -5*h - 7*c + 2*c + 55, h - 27 = 3*c. Let f be ((-2)/(-3))/2*h. Suppose f*y = 9 + 21. What is the units digit of y?
6
Let l be (2 - 3)*-7 - 3. Suppose -l*w + 361 = 53. Suppose -4*z - 25 + w = 0. What is the units digit of z?
3
Suppose -521 = -5*x - 141. What is the units digit of x?
6
Let o(s) = -s + 11. What is the units digit of o(0)?
1
Let w(l) = l**3 + 3*l**2 - 7*l - 6. Let b be w(-4). Let y be ((-1)/2 + 1)*b. Suppose y*r - 35 + 5 = 0. What is the tens digit of r?
1
Suppose z - 5*x + 31 = -2*z, 0 = 5*z - 5*x + 55. Let y = z - -24. What is the units digit of y?
2
Let p = -11 - -15. Let r be (-65)/(-10) - (-2)/p. What is the units digit of (-2)/r - (-58)/7?
8
Let k(o) = 6*o + 5. Suppose -4*w + 9 = -w. What is the units digit of k(w)?
3
Let d(g) be the first derivative of g**2 - g - 5. What is the units digit of d(10)?
9
Let q = -32 - -79. What is the tens digit of q?
4
Suppose -2*f + 39 = 5. Let n = 30 - f. What is the units digit of n?
3
Let z(y) = 15*y**2 + 2*y - 1. Let u be z(-2). Suppose -w + 4*m = u, 3*m + 38 = -2*w - 28. What is the units digit of 2/10 - w/5?
8
Suppose 51 = -3*f - 6. Let j = -9 - f. What is the tens digit of j?
1
Let h be -5 - (-1)/(-2)*-6. What is the units digit of (-33)/h*(-4)/(-3)?
2
Suppose -2*a + 4*n = 3 + 1, 4*a = -3*n + 3. Suppose a = t - 5*o - 14, 5*o + 22 = 3*t - 0*o. Suppose r = -t*r + 25. What is the units digit of r?
5
Let c(j) = -j**3 - 11*j**2 + 13*j - 2. Let t be c(-12). Let x = t + 24. What is the units digit of x?
0
Suppose 3*w = a + 1 - 16, 5*a = -3*w - 15. Let h(j) be the third derivative of j**5/60 - j**4/24 + 2*j**3 + 34*j**2. What is the tens digit of h(a)?
1
Let x = 215 + -126. Let a = x - 7. Suppose i + 5*h + a = 4*i, 14 = i + h. What is the tens digit of i?
1
Let t(c) = -c - 1. Let h be t(4). Let u be (0 - -9) + 6 + h. What is the units digit of ((-4)/u)/((-1)/15)?
6
Let x(k) = -k**2 + 8*k + 6. Let p be x(9). What is the units digit of 86/6 - (-1)/p?
4
Let m be ((-20)/10)/(1/(-9)). Suppose -u = 2*u - m. What is the units digit of u?
6
Suppose -3*i + b + 142 = i, -2*i + 2*b = -68. Suppose -i = -4*v + 40. What is the tens digit of v?
1
What is the units digit of -30*6*(-2)/10?
6
Suppose -4*v = -5*j - 418, v + 24 = 2*j + 130. What is the hundreds digit of v?
1
Let s(o) = -5*o. Let b(n) = -21*n + 1. Let r(a) = 6*b(a) - 26*s(a). Let t be r(-7). Let f = 43 + t. What is the tens digit of f?
2
Let w(s) = -s**2 - 9*s - 1. Let a be w(-8). Suppose 3*u - 2 = a. What is the units digit of u?
3
Let j(n) = 0*n + 0 - 3*n - 3. What is the tens digit of j(-8)?
2
Let f be -1 + 1 + -1 + 1. Suppose -2*w + 25 - 9 = f. What is the units digit of w?
8
Let q(y) = -y**2 - 7*y + 2. Let w be 2 + 0 - 2/1. Suppose 2*i + 5 + 7 = w. What is the units digit of q(i)?
8
Suppose 2*u + 3*d = 4*u + 68, -152 = 5*u - 3*d. Let f be (u/(-10))/(2/10). Let n = f + -7. What is the units digit of n?
7
Let i(k) = k + 4. Let r be i(-4). Suppose -j = -2 - r, -2*m = -j. What is the units digit of m?
1
Let a = 47 - 9. What is the units digit of a?
8
What is the units digit of 2 + 3*(4 - 0)?
4
What is the units digit of 628/16 + (-1)/4?
9
Let m = 2 + -13. Let i = 21 - m. Suppose -3*b + 28 = z, 2*b + z - i = -3*z. What is the units digit of b?
8
Let j(n) = -n**3 - 5*n**2 + 10*n + 4. What is the tens digit of j(-7)?
3
Suppose 580 = 7*z - 2*z. What is the tens digit of z?
1
Let r(q) = -197*q**3 - q**2 - q - 1. What is the hundreds digit of r(-1)?
1
Let w = -15 - -43. Suppose 50 = 3*h - w. What is the units digit of h?
6
Let w be (-1 + 2)/((-1)/(-1)). Suppose 2*o + 3 - w = 0. What is the units digit of (-1 + -1)/(o/3)?
6
Let h(o) = o - 1. Let j be h(5). Let w be (-14)/(-4) - 2/j. Suppose -5*n = -w*s + 22, -16 = 4*s - 5*n - 52. What is the units digit of s?
4
Let s(z) = 3*z - 5*z + z + 25*z**3. What is the tens digit of s(1)?
2
Suppose m = 4*m. Suppose 2*g + 2*r - 5 = -g, -4*g - 3*r = -6. Let b = g - m. What is the units digit of b?
3
Suppose 0*b - 4*b = -4. Let f be (2 + b - 4)/1. What is the units digit of (11 - 2)/3 + f?
2
Let n be (-28)/(-12) + (-2)/(-3). Suppose q = n*q - 20. What is the tens digit of q?
1
What is the units digit of 36*(2 - 1) + 1?
7
Suppose -5*n + 0 = 4*u + 29, -4*n - 18 = -2*u. What is the tens digit of ((-19 + -4)*1)/u?
2
Suppose q - 5*q - 4 = 0. What is the tens digit of q/(-3) + 128/12?
1
Let j(p) = 71*p**2 + p - 1. Let f be j(1). Suppose 5*s + 4*r - f = 0, r - 30 - 7 = -3*s. What is the units digit of s?
1
Let h(v) = -v**2 + 4*v - 4. Let i be h(5). Let y be (-30)/i*(-9)/(-2). Suppose 5*z + 3*m = 41, 5*z = 2*m + y + 41. What is the units digit of z?
0
Let q = 3 + -7. Let k(d) = d + 1. Let s be k(5). Let h = s + q. What is the units digit of h?
2
Suppose -4 = 2*k, c + 2*k = -4*c - 4. Suppose i - 5*u = 23, -2*i + 24 = -c*u + u. Let y = i + -7. What is the units digit of y?
6
Let b = 17 - 4. Suppose 3*a - 2 = b. Suppose r = -3*m + 12, 24 = a*r + 3*m - 0*m. What is the units digit of r?
3
Let a = 9 + 16. Suppose -5*s = 4*m + 6 - a, 5*s - 1 = -m. Suppose -m*y = -2*y - 16. What is the units digit of y?
4
Let w(y) = -y**2 + 15*y - 4. What is the tens digit of w(10)?
4
Suppose 156 = w + 2*v, -2*w + 0*v = -2*v - 318. What is the units digit of w?
8
Let j = 1 - -14. Let v = -5 + j. What is the tens digit of v?
1
What is the tens digit of 5615/30 + -4 + (-3)/18?
8
Let t(u) = -2*u**3 + 2*u**2 + 2*u + 1. What is the units digit of t(-2)?
1
Suppose 5*m + 7 + 6 = -k, 4*m - 4 = -2*k. Let f be 8/k - 20/(-6). Suppose -3*u + 23 = 4*q, f*u + 3*q - 1 = 18. What is the units digit of u?
1
Let p = 7 + 0. Suppose -p = -c - 2. What is the units digit of c?
5
Let y(q) be the second derivative of q**4/12 - 2*q**3/3 + 3*q**2 - 3*q. What is the units digit of y(4)?
6
Let i(l) = 2*l + 6. Let f = -15 + 10. Let t be i(f). What is the units digit of t/2 - (-5 + -2)?
5
Let o be (2 - (-7 - -4))*1. Let z = 11 - o. What is the units digit of z?
6
Let i(b) = -b**3 + 10*b**2 + b - 7. Let y be i(10). Suppose 5*c = -2*x - x + 203, y*x = -2*c + 83. What is the units digit of c?
0
Let x = -6 + 13. Let v = -4 + x. What is the units digit of v?
3
Let t(l) be the second derivative of l**3/2 - 7*l**2/2 + 4*l. What is the units digit of t(8)?
7
What is the tens digit of ((-3)/(-2 - 1))/(1/97)?
9
Suppose -71 = -3*l + 52. What is the units digit of l?
1
Let m(d) = -d**2 - 8*d - 6. Let t be m(-5). Let s = t - 5. Let g = s - -1. What is the units digit of g?
5
Suppose 2*c + 2*w - 10 = 0, -w - 5 = -2*w. Suppose t + 3*x - 6*x + 8 = 0, 0 = 5*t + 4*x + 2. What is the units digit of (t - c)*(-2 - 0)?
4
Let t(p) = 17*p - 1. What is the units digit of t(1)?
6
Suppose -5*u - 2*u + 140 = 0. What is the tens digit of u?
2
Let t(r) = 3*r**2 - 2. What is the units digit of t(-2)?
0
Let k(i) = i**3 + i - 6. Let a be k(0). Let w = 1 - 4. What is the units digit of (w/(-4))/(a/(-24))?
3
Let a be (-1)/(-9)*3*-3. Let d(l) = -5*l**3 - l**2 - l. Let n be d(a). Suppose -5*y - n*t = -40, -5 = 2*y + 3*y - 4*t. What is the units digit of y?
3
Suppose 7*g + 2*b - 7 = 4*g, -3*b = 4*g - 9. What is the units digit of (17 + -2)*2/g?
0
Suppose 2*k = 5*b, 2*b - k + 4*k - 19 = 0. What is the units digit of b?
2
Suppose -45 = -5*a + 210. What is the units digit of a?
1
Let j(b) = 38*b**2 + 2*b + 2. Let q be j(-2). Suppose 10*n = 5*n + q. What is the tens digit of n?
3
Suppose -5*s + 1125 = -0*p - 2*p, -3*s - 2*p + 659 = 0. What is the hundreds digit of s?
2
Let w(n) = n + 22. Let z(d) = 9*d. Let k be z(1). Let q be (-4)/(12/k) - 6. What is the units digit of w(q)?
3
Suppose -5*k = -2*d - 2*d + 21, k - 21 = -2*d. What is the units digit of d?
9
Suppose 0*p = -2*p + 2. Let k(y) = y. Let j be k(p). Suppose 2*s - 15 = -j. What is the units digit of s?
7
Suppose -4*l = -23 - 41. Suppose -3*z + l + 7 = v, -5*v - 5*z = -85. What is the units digit of v?
4
What is the units digit of (-318)/(-30) + (-6)/(-15)?
1
Let g = -89 - -90. What is the units digit of g?
1
Let m = 3 - -1. Suppose -3*d = -2*d - 4. What is the units digit of d - (m - 2)/2?
3
Let m(f) = f**2 + 3*f + 2. Let